{"id":102,"date":"2017-02-20T16:33:44","date_gmt":"2017-02-20T15:33:44","guid":{"rendered":"http:\/\/heraldyka.kaminscy.pl\/?page_id=102"},"modified":"2017-02-24T19:38:48","modified_gmt":"2017-02-24T18:38:48","slug":"big-family","status":"publish","type":"page","link":"https:\/\/kaminscy.pl\/index.php\/big-family\/","title":{"rendered":"Big Family"},"content":{"rendered":"<p><img decoding=\"async\" loading=\"lazy\" class=\"alignnone size-full wp-image-202\" src=\"http:\/\/genealogia.kaminscy.pl\/wp-content\/uploads\/2017\/02\/NapBF1.jpg\" alt=\"\" width=\"138\" height=\"35\" \/><\/p>\n<p>&nbsp;<\/p>\n<table id=\"AutoNumber3\" border=\"0\" width=\"100%\" cellspacing=\"0\" cellpadding=\"0\">\n<tbody>\n<tr>\n<td colspan=\"5\" width=\"100%\">\n<p align=\"center\"><span style=\"color: #003300;\"><i>Ta strona przeznaczona jest na ga\u0142\u0119zi nie zawsze (lub jeszcze nie) spokrewnione. A by\u0107 mo\u017ce dalsze poszukiwania pozwol\u0105 na\u00a0 znalezienie wsp\u00f3lnych przodk\u00f3w.<\/i><\/span><\/p>\n<p align=\"center\"><span style=\"color: #003300;\"><i>Tak\u017ce, osoby nie posiadaj\u0105ce w\u0142asnych witryn internetowych a nosz\u0105ce nazwisko Kami\u0144ski i pragn\u0105ce przedstawi\u0107 swoje ga\u0142\u0119zi w nadziei na uzyskanie t\u0105 drog\u0105 jakich\u015b informacji zapraszam do wsp\u00f3\u0142pracy.<\/i><\/span><\/p>\n<p align=\"center\"><b><span style=\"color: #003300; font-size: small;\">Osoby posiadaj\u0105ce jakiekolwiek informacje na temat ni\u017cej wymienionych rodzin proszone s\u0105 o przes\u0142anie ich na adres info@kaminscy.pl .<\/span><\/b><\/p>\n<p align=\"center\"><span style=\"color: #003300;\"><i>\u00a0<\/i><\/span><\/p>\n<\/td>\n<\/tr>\n<tr>\n<td width=\"20%\"><\/td>\n<td width=\"20%\"><\/td>\n<td width=\"20%\">\n<p align=\"center\"><img decoding=\"async\" loading=\"lazy\" src=\"http:\/\/kaminscy.pl\/images\/ozdob.gif\" width=\"83\" height=\"29\" border=\"0\" \/><\/p>\n<\/td>\n<td width=\"20%\"><\/td>\n<td width=\"20%\"><\/td>\n<\/tr>\n<tr>\n<td colspan=\"5\" width=\"100%\">\n<p align=\"center\"><span style=\"color: #000080;\"><i><b><span style=\"font-size: x-large;\">Rodzina Kaminskich z Pop\u0142acina<\/span><\/b><br \/>\nusytuowanego ok. 1,5 km od Dzier\u017c\u0105zny tj. miejsca urodzenia mojego przodka Jana Kaminskiegp [P54]<\/i><\/span><\/p>\n<\/td>\n<\/tr>\n<tr>\n<td width=\"20%\"><\/td>\n<td width=\"20%\"><\/td>\n<td width=\"20%\"><\/td>\n<td width=\"20%\"><\/td>\n<td width=\"20%\"><\/td>\n<\/tr>\n<\/tbody>\n<\/table>\n<table id=\"AutoNumber6\" border=\"0\" width=\"100%\" cellspacing=\"0\" cellpadding=\"0\">\n<tbody>\n<tr>\n<td width=\"20%\"><\/td>\n<td width=\"20%\"><\/td>\n<td width=\"20%\"><\/td>\n<td width=\"20%\"><\/td>\n<td width=\"20%\"><\/td>\n<\/tr>\n<tr>\n<td colspan=\"5\" width=\"100%\"><img decoding=\"async\" loading=\"lazy\" src=\"http:\/\/kaminscy.pl\/images\/Poplacin.gif\" width=\"977\" height=\"282\" border=\"0\" \/><\/td>\n<\/tr>\n<tr>\n<td width=\"20%\"><\/td>\n<td width=\"20%\"><\/td>\n<td width=\"20%\"><\/td>\n<td width=\"20%\"><\/td>\n<td width=\"20%\"><\/td>\n<\/tr>\n<\/tbody>\n<\/table>\n<table id=\"AutoNumber8\" border=\"0\" width=\"100%\" cellspacing=\"1\">\n<tbody>\n<tr>\n<td width=\"20%\"><\/td>\n<td width=\"20%\"><\/td>\n<td width=\"20%\">\n<p align=\"center\"><img decoding=\"async\" loading=\"lazy\" src=\"http:\/\/kaminscy.pl\/images\/ozdob.gif\" width=\"83\" height=\"29\" border=\"0\" \/><\/p>\n<\/td>\n<td width=\"20%\"><\/td>\n<td width=\"20%\"><\/td>\n<\/tr>\n<tr>\n<td colspan=\"5\" width=\"100%\">\n<p align=\"center\"><span style=\"color: #000080;\"><i><b><span style=\"font-size: x-large;\">Rodzina Kami\u0144skich h. Do\u0142\u0119ga<br \/>\n<\/span><\/b>z okolic Modzele Raki &#8211; ciechanowskie,<\/i><\/span><\/p>\n<\/td>\n<\/tr>\n<tr>\n<td width=\"20%\"><\/td>\n<td width=\"20%\"><\/td>\n<td width=\"20%\"><\/td>\n<td width=\"20%\"><\/td>\n<td width=\"20%\"><\/td>\n<\/tr>\n<\/tbody>\n<\/table>\n<p><img decoding=\"async\" loading=\"lazy\" src=\"http:\/\/kaminscy.pl\/images\/KaminskiG.gif\" width=\"1491\" height=\"300\" border=\"0\" \/><\/p>\n<table id=\"AutoNumber5\" border=\"0\" width=\"100%\" cellspacing=\"0\" cellpadding=\"0\">\n<tbody>\n<tr>\n<td width=\"20%\"><\/td>\n<td width=\"20%\"><\/td>\n<td width=\"20%\">\n<p align=\"center\"><img decoding=\"async\" loading=\"lazy\" src=\"http:\/\/kaminscy.pl\/images\/ozdob.gif\" width=\"83\" height=\"29\" border=\"0\" \/><\/p>\n<\/td>\n<td width=\"20%\"><\/td>\n<td width=\"20%\"><\/td>\n<\/tr>\n<tr>\n<td colspan=\"5\" width=\"100%\"><\/td>\n<\/tr>\n<tr>\n<td colspan=\"5\" width=\"100%\">\n<p align=\"center\"><span style=\"color: #000080;\"><i><b><span style=\"font-size: x-large;\">Rodzina Pana Haberman&#8217;a,<\/span><\/b><br \/>\nkt\u00f3ra wyemigrowa\u0142a do USA ok. 1880 roku. <\/i><\/span><\/p>\n<\/td>\n<\/tr>\n<tr>\n<td width=\"20%\"><\/td>\n<td width=\"20%\"><\/td>\n<td width=\"20%\"><\/td>\n<td width=\"20%\"><\/td>\n<td width=\"20%\"><\/td>\n<\/tr>\n<\/tbody>\n<\/table>\n<table id=\"AutoNumber4\" border=\"0\" width=\"100%\" cellspacing=\"0\" cellpadding=\"0\">\n<tbody>\n<tr>\n<td width=\"20%\"><\/td>\n<td width=\"20%\"><\/td>\n<td width=\"20%\"><\/td>\n<td width=\"20%\"><\/td>\n<td width=\"20%\"><\/td>\n<\/tr>\n<tr>\n<td colspan=\"5\" width=\"100%\"><img decoding=\"async\" loading=\"lazy\" src=\"http:\/\/kaminscy.pl\/images\/Haberman.gif\" width=\"923\" height=\"412\" border=\"0\" \/><\/td>\n<\/tr>\n<tr>\n<td width=\"20%\"><\/td>\n<td width=\"20%\"><\/td>\n<td width=\"20%\"><\/td>\n<td width=\"20%\"><\/td>\n<td width=\"20%\"><\/td>\n<\/tr>\n<\/tbody>\n<\/table>\n<table id=\"AutoNumber7\" border=\"0\" width=\"100%\" cellspacing=\"0\" cellpadding=\"0\">\n<tbody>\n<tr>\n<td width=\"20%\"><\/td>\n<td width=\"20%\"><\/td>\n<td width=\"20%\"><\/td>\n<td width=\"20%\"><\/td>\n<td width=\"20%\"><\/td>\n<\/tr>\n<tr>\n<td colspan=\"5\" width=\"100%\">\n<p align=\"center\"><span style=\"color: #003300;\"><i>Osoby posiadaj\u0105ce jakiekolwiek informacje na temat ni\u017cej wymienionych rodzin proszone s\u0105 o przes\u0142anie ich na adres<br \/>\n<\/i><\/span> <a href=\"mailto:info@kaminscy.pl\"><img decoding=\"async\" loading=\"lazy\" src=\"http:\/\/kaminscy.pl\/images\/poczta.gif\" width=\"33\" height=\"24\" border=\"0\" \/><\/a><span style=\"color: #003300;\"><i>. <\/i><\/span><\/p>\n<\/td>\n<\/tr>\n<\/tbody>\n<\/table>\n","protected":false},"excerpt":{"rendered":"<p>&nbsp; Ta strona przeznaczona jest na ga\u0142\u0119zi nie zawsze (lub jeszcze nie) spokrewnione. A by\u0107 mo\u017ce dalsze poszukiwania pozwol\u0105 na\u00a0 znalezienie wsp\u00f3lnych przodk\u00f3w. Tak\u017ce, osoby nie posiadaj\u0105ce w\u0142asnych witryn internetowych a nosz\u0105ce nazwisko Kami\u0144ski i pragn\u0105ce przedstawi\u0107 swoje ga\u0142\u0119zi w nadziei na uzyskanie t\u0105 drog\u0105 jakich\u015b informacji zapraszam do wsp\u00f3\u0142pracy. Osoby posiadaj\u0105ce jakiekolwiek informacje na &hellip; <a href=\"https:\/\/kaminscy.pl\/index.php\/big-family\/\" class=\"more-link\">Czytaj dalej<span class=\"screen-reader-text\"> Big Family<\/span><\/a><\/p>\n","protected":false},"author":1,"featured_media":0,"parent":0,"menu_order":4,"comment_status":"closed","ping_status":"closed","template":"","meta":[],"_links":{"self":[{"href":"https:\/\/kaminscy.pl\/index.php\/wp-json\/wp\/v2\/pages\/102"}],"collection":[{"href":"https:\/\/kaminscy.pl\/index.php\/wp-json\/wp\/v2\/pages"}],"about":[{"href":"https:\/\/kaminscy.pl\/index.php\/wp-json\/wp\/v2\/types\/page"}],"author":[{"embeddable":true,"href":"https:\/\/kaminscy.pl\/index.php\/wp-json\/wp\/v2\/users\/1"}],"replies":[{"embeddable":true,"href":"https:\/\/kaminscy.pl\/index.php\/wp-json\/wp\/v2\/comments?post=102"}],"version-history":[{"count":2,"href":"https:\/\/kaminscy.pl\/index.php\/wp-json\/wp\/v2\/pages\/102\/revisions"}],"predecessor-version":[{"id":291,"href":"https:\/\/kaminscy.pl\/index.php\/wp-json\/wp\/v2\/pages\/102\/revisions\/291"}],"wp:attachment":[{"href":"https:\/\/kaminscy.pl\/index.php\/wp-json\/wp\/v2\/media?parent=102"}],"curies":[{"name":"wp","href":"https:\/\/api.w.org\/{rel}","templated":true}]}}