{"id":117,"date":"2017-02-20T18:45:49","date_gmt":"2017-02-20T17:45:49","guid":{"rendered":"http:\/\/heraldyka.kaminscy.pl\/?page_id=117"},"modified":"2017-02-24T22:04:40","modified_gmt":"2017-02-24T21:04:40","slug":"vip","status":"publish","type":"page","link":"https:\/\/kaminscy.pl\/index.php\/varia\/vip\/","title":{"rendered":"VIP"},"content":{"rendered":"<p><img decoding=\"async\" loading=\"lazy\" class=\"alignnone size-full wp-image-209\" src=\"http:\/\/genealogia.kaminscy.pl\/wp-content\/uploads\/2017\/02\/napVARIA1.jpg\" alt=\"\" width=\"138\" height=\"35\" \/><\/p>\n<p><img decoding=\"async\" loading=\"lazy\" class=\"alignnone size-full wp-image-213 aligncenter\" src=\"http:\/\/genealogia.kaminscy.pl\/wp-content\/uploads\/2017\/02\/ozdob.gif\" alt=\"\" width=\"100\" height=\"31\" \/><\/p>\n<table id=\"AutoNumber1\" border=\"0\" width=\"100%\" cellspacing=\"0\" cellpadding=\"0\">\n<tbody>\n<tr>\n<td colspan=\"6\" width=\"100%\">\n<p align=\"center\"><i><span style=\"color: #003300;\">Na tej stronie chcia\u0142bym stworzy\u0107 baz\u0119 informacji na temat os\u00f3b tworz\u0105cych histori\u0119 a nosz\u0105cych nazwisko Kami\u0144ski (lub zbli\u017cone). Zapraszam wszystkich do przesy\u0142ania wszelkich informacji lub \u017ar\u00f3de\u0142, z kt\u00f3rych te informacje m\u00f3g\u0142bym zaczerpn\u0105\u0107<\/span><\/i><\/p>\n<\/td>\n<\/tr>\n<tr>\n<td align=\"right\" valign=\"top\" width=\"10\"><span style=\"color: #800000;\"><b>1.<\/b><\/span><\/td>\n<td colspan=\"2\" valign=\"top\" width=\"16%\"><span style=\"color: #800000;\"><b>\u00a0Kami\u0144ski Marek<\/b><\/span><\/p>\n<p align=\"center\"><a href=\"http:\/\/www.kaminski.pl\/\"> <img decoding=\"async\" loading=\"lazy\" src=\"http:\/\/kaminscy.pl\/images\/Zobacz.gif\" width=\"52\" height=\"14\" border=\"0\" \/><\/a><\/p>\n<\/td>\n<td colspan=\"3\" width=\"84%\"><span style=\"color: #800000; font-size: small;\"><i>Jako pierwszy cz\u0142owiek na \u015bwiecie dotar\u0142 na oba bieguny Ziemi o w\u0142asnych si\u0142ach, bez pomocy z zewn\u0105trz, w ci\u0105gu jednego roku. Odznaczony przez Prezydenta RP Lecha Wa\u0142\u0119s\u0119 Krzy\u017cem Kawalerskim Orderu Odrodzenia Polski za zdobycie Bieguna P\u00f3\u0142nocnego<br \/>\n<\/i><\/span><\/td>\n<\/tr>\n<tr>\n<td align=\"right\" valign=\"top\" width=\"10\"><span style=\"color: #800000;\"><b>2.\u00a0 <\/b><\/span><\/td>\n<td colspan=\"2\" valign=\"top\" width=\"16%\"><span style=\"color: #800000;\"><b>\u00a0Kaminski Janusz<\/b><\/span><\/p>\n<p align=\"center\"><a href=\"http:\/\/janusz.kaminski.filmweb.pl\/\"> <img decoding=\"async\" loading=\"lazy\" src=\"http:\/\/kaminscy.pl\/images\/Zobacz.gif\" width=\"52\" height=\"14\" border=\"0\" \/><\/a><\/p>\n<\/td>\n<td colspan=\"3\" width=\"84%\"><span style=\"color: #800000; font-size: small;\"><i>Amerykanin maj\u0105cy polskie korzenie uwa\u017cany jest obecnie za jednego z najlepszych operator\u00f3w na \u015bwiecie. W ci\u0105gu zaledwie kilku lat uda\u0142o mu si\u0119 s\u0142aw\u0119, popularno\u015b\u0107 i uznanie krytyk\u00f3w po obu stronach oceanu. Sw\u00f3j sukces w du\u017cej mierze zawdzi\u0119cza pracy z wybitnym re\u017cyserem Stevenem Spielbergiem. To w\u0142a\u015bnie za zdj\u0119cia zrobione do jego film\u00f3w &#8222;Lista Schindlera&#8221;, &#8222;Amistad&#8221; i &#8222;Szeregowiec Ryan&#8221; Kami\u0144ski otrzyma\u0142 statuetki Oscara i nominacj\u0119 do nagrody Akademii. W 2000 r. artysta zadebiutowa\u0142 jako re\u017cyser filmem &#8222;Lost souls&#8221;<\/i><\/span>.<\/td>\n<\/tr>\n<tr>\n<td align=\"right\" valign=\"top\" width=\"10\"><span style=\"color: #800000;\"><b>3.<\/b><\/span><\/td>\n<td colspan=\"2\" valign=\"top\" width=\"16%\"><span style=\"color: #800000;\"><strong>\u00a0Kami\u0144ski Aleksander<br \/>\n<\/strong><\/span><i><span style=\"color: #800000; font-size: xx-small;\">(Encyklopedia WIEM &#8211; onet.pl)<\/span><\/i><\/td>\n<td colspan=\"3\" width=\"84%\"><i><span style=\"color: #800000; font-size: small;\">pseudonimy <strong>Bambaju, Juliusz G\u00f3recki<\/strong> (1903-1978), polski pedagog, pisarz, historyk. Znany dzia\u0142acz harcerski. Uko\u0144czy\u0142 studia historyczne i\u00a0archeologiczne na Uniwersytecie Warszawskim.<br \/>\nWsp\u00f3\u0142organizator <\/span><\/i><span style=\"font-size: small;\"><i><span style=\"color: #800000;\">Szarych Szereg\u00f3w w\u00a0czasie okupacji<\/span><\/i><span style=\"color: #800000;\"><i>. Redaktor <\/i> <em>Biuletynu Informacyjnego<\/em><i> Okr\u0119gu Warszawskiego, a\u00a0p\u00f3\u017aniej KG ZWZ-AK oraz kierownik (w latach 1941-1944) Biura Informacji i\u00a0Propagandy Okr\u0119gu Warszawskiego AK. Kierowa\u0142 <\/i><\/span><i><span style=\"color: #800000;\"> Organizacj\u0105 Ma\u0142ego Sabota\u017cu Wawer <\/span><\/i><\/span><i> <span style=\"color: #800000; font-size: small;\">w latach 1940-1944.<br \/>\nOd 1945 do 1948 wiceprzewodnicz\u0105cy Zwi\u0105zku Harcerstwa Polskiego<\/span><\/i><span style=\"color: #800000; font-size: small;\"><i>, w\u00a0latach 1956-1958 przewodnicz\u0105cy Naczelnej Rady Harcerskiej. Pracownik naukowy katedry pedagogiki spo\u0142ecznej Uniwersytetu \u0141\u00f3dzkiego, profesor od 1962.<br \/>\nAutor utwor\u00f3w dla m\u0142odzie\u017cy, np. <\/i><em>Ksi\u0105\u017cki wodza zuch\u00f3w<\/em><i> (1933), <\/i><em>Andrzeja Ma\u0142kowskiego<\/em><i> (1934), konspiracyjnie wydanych g\u0142o\u015bnych <\/i><em>Kamieni na szaniec<\/em><i> (1943) &#8211; o\u00a0walce z\u00a0Niemcami oddzia\u0142\u00f3w harcerskich zwi\u0105zanych z\u00a0<\/i><\/span><i><span style=\"color: #800000; font-size: small;\">Armi\u0105 Krajow\u0105<\/span><\/i><span style=\"color: #800000; font-size: small;\"><i>. Autor wielu prac dotycz\u0105cych pedagogiki oraz historii polskich zwi\u0105zk\u00f3w m\u0142odzie\u017cowych w\u00a01. po\u0142owie XIX w. (np. <\/i><em>Analiza teoretyczna polskich zwi\u0105zk\u00f3w m\u0142odzie\u017cy do po\u0142owy XIX w.<\/em><i>, 1971, <\/i><em>Funkcje pedagogiki spo\u0142ecznej<\/em><i>, 1972).<br \/>\n<\/i> <\/span><i><span style=\"color: #800000; font-size: small;\"><br \/>\n<\/span><\/i><\/td>\n<\/tr>\n<tr>\n<td align=\"right\" valign=\"top\" width=\"10\"><span style=\"color: #800000;\"><b>4.<\/b><\/span><\/td>\n<td colspan=\"2\" valign=\"top\" width=\"16%\"><b><span style=\"color: #800000;\"><big>\u00a0KAMI\u0143SKI<\/big> JAN NEPOMUCEN<\/span><\/b><br \/>\n<span style=\"color: #800000; font-size: xx-small;\"><i>(B. LASOCKA<\/i> <i>Jan Nepomucen Kami\u0144ski,<\/i> Warszawa 1972)<\/span><\/td>\n<td colspan=\"3\" width=\"84%\"><span style=\"color: #800000; font-size: small;\"><i>\u00a0(1777\u20131855), aktor, re\u017cyser, pisarz i\u00a0publicysta; 1800\u201303 organizowa\u0142 we Lwowie amatorskie zespo\u0142y teatr., 1803\u201309 \u2014 zaw. na prowincji i\u00a0w Odessie; 1809\u201342 dyr. teatru pol. we Lwowie, kt\u00f3ry dzi\u0119ki jego dzia\u0142alno\u015bci sta\u0142 si\u0119 wa\u017cn\u0105 plac\u00f3wk\u0105 kultury nar.; wprowadzi\u0142 do repertuaru komedie A. Fredry (16 premier); pisa\u0142 i\u00a0przerabia\u0142 dla teatru wiele sztuk (Zabobon, czyli Krakowiacy i\u00a0G\u00f3rale, wyst. 1816, wyd. 1821), t\u0142umaczy\u0142 dramaty W. Szekspira (z przer\u00f3bek niem.), P. Calder\u00f3na, F. Schillera; wyst\u0119powa\u0142 do 1830; 1835\u201348 red. \u201eGazety Lwowskiej\u201d i\u00a0\u201eRozmaito\u015bci\u201d; zbiory poezji, prace z\u00a0filozofii i\u00a0historii j\u0119zyka.<br \/>\n<\/i><\/span><\/td>\n<\/tr>\n<tr>\n<td align=\"right\" valign=\"top\" width=\"10\"><span style=\"color: #800000;\"><b>5.<\/b><\/span><\/td>\n<td colspan=\"2\" valign=\"top\" width=\"16%\">\n<p align=\"left\"><b><span style=\"color: #800000;\">\u00a0KAMINSKI JOHN<\/span><\/b><\/p>\n<p align=\"center\"><a href=\"http:\/\/www.uwm.edu\/Library\/arch\/findaids\/mss146.htm\"><img decoding=\"async\" loading=\"lazy\" src=\"http:\/\/kaminscy.pl\/images\/Zobacz.gif\" width=\"52\" height=\"14\" border=\"0\" \/><\/a><\/p>\n<\/td>\n<td colspan=\"3\" width=\"84%\"><i><span style=\"color: #800000;\">Pilot polsko ameryka\u0144ski \u017cyj\u0105cy w latach 1893-1960<\/span><\/i><\/td>\n<\/tr>\n<\/tbody>\n<\/table>\n","protected":false},"excerpt":{"rendered":"<p>Na tej stronie chcia\u0142bym stworzy\u0107 baz\u0119 informacji na temat os\u00f3b tworz\u0105cych histori\u0119 a nosz\u0105cych nazwisko Kami\u0144ski (lub zbli\u017cone). Zapraszam wszystkich do przesy\u0142ania wszelkich informacji lub \u017ar\u00f3de\u0142, z kt\u00f3rych te informacje m\u00f3g\u0142bym zaczerpn\u0105\u0107 1. \u00a0Kami\u0144ski Marek Jako pierwszy cz\u0142owiek na \u015bwiecie dotar\u0142 na oba bieguny Ziemi o w\u0142asnych si\u0142ach, bez pomocy z zewn\u0105trz, w ci\u0105gu jednego &hellip; <a href=\"https:\/\/kaminscy.pl\/index.php\/varia\/vip\/\" class=\"more-link\">Czytaj dalej<span class=\"screen-reader-text\"> VIP<\/span><\/a><\/p>\n","protected":false},"author":1,"featured_media":0,"parent":111,"menu_order":82,"comment_status":"closed","ping_status":"closed","template":"","meta":[],"_links":{"self":[{"href":"https:\/\/kaminscy.pl\/index.php\/wp-json\/wp\/v2\/pages\/117"}],"collection":[{"href":"https:\/\/kaminscy.pl\/index.php\/wp-json\/wp\/v2\/pages"}],"about":[{"href":"https:\/\/kaminscy.pl\/index.php\/wp-json\/wp\/v2\/types\/page"}],"author":[{"embeddable":true,"href":"https:\/\/kaminscy.pl\/index.php\/wp-json\/wp\/v2\/users\/1"}],"replies":[{"embeddable":true,"href":"https:\/\/kaminscy.pl\/index.php\/wp-json\/wp\/v2\/comments?post=117"}],"version-history":[{"count":6,"href":"https:\/\/kaminscy.pl\/index.php\/wp-json\/wp\/v2\/pages\/117\/revisions"}],"predecessor-version":[{"id":359,"href":"https:\/\/kaminscy.pl\/index.php\/wp-json\/wp\/v2\/pages\/117\/revisions\/359"}],"up":[{"embeddable":true,"href":"https:\/\/kaminscy.pl\/index.php\/wp-json\/wp\/v2\/pages\/111"}],"wp:attachment":[{"href":"https:\/\/kaminscy.pl\/index.php\/wp-json\/wp\/v2\/media?parent=117"}],"curies":[{"name":"wp","href":"https:\/\/api.w.org\/{rel}","templated":true}]}}