{"id":52,"date":"2017-02-20T14:19:44","date_gmt":"2017-02-20T13:19:44","guid":{"rendered":"http:\/\/heraldyka.kaminscy.pl\/?page_id=52"},"modified":"2023-07-10T18:13:20","modified_gmt":"2023-07-10T16:13:20","slug":"drzewo","status":"publish","type":"page","link":"https:\/\/kaminscy.pl\/index.php\/rodzina\/drzewo\/","title":{"rendered":"Drzewo r. Kaminski"},"content":{"rendered":"<p><img decoding=\"async\" loading=\"lazy\" class=\"alignnone wp-image-208 size-full\" src=\"http:\/\/kaminscy.pl\/wp-content\/uploads\/2017\/02\/napROD1.jpg\" alt=\"\" width=\"138\" height=\"35\" \/><\/p>\n<p style=\"text-align: center;\"><i><b><span style=\"color: #003300; font-size: large;\">Drzewo ju\u017c si\u0119 bardzo rozrasta i dla wi\u0119kszej czytelno\u015bci postanowi\u0142em<br \/>\nporozdziela\u0107 poszczeg\u00f3lne ga\u0142\u0119zi.<\/span><\/b><\/i><\/p>\n<p><i><b><span style=\"color: #003300; font-size: large;\"><a href=\"http:\/\/kaminscy.pl\/images\/Rodzina1.gif\"><img decoding=\"async\" loading=\"lazy\" class=\"alignnone\" src=\"http:\/\/kaminscy.pl\/images\/Rodzina1.gif\" width=\"1486\" height=\"772\" border=\"0\" \/><\/a><br \/>\nGa\u0142\u0105\u017a Bronis\u0142awy [P386]<\/span><\/b><\/i><\/p>\n<p><a href=\"http:\/\/kaminscy.pl\/images\/Rodzina1Br.gif\"><img decoding=\"async\" loading=\"lazy\" class=\"alignnone\" src=\"http:\/\/kaminscy.pl\/images\/Rodzina1Br.gif\" width=\"1978\" height=\"594\" border=\"0\" \/><\/a><\/p>\n<p><i><b><span style=\"color: #003300; font-size: large;\">Ga\u0142\u0105\u017a Stanis\u0142awa [P261]<\/span><\/b><\/i><\/p>\n<p><a href=\"http:\/\/kaminscy.pl\/images\/Rodzina1St.gif\"><img decoding=\"async\" loading=\"lazy\" class=\"alignnone\" src=\"http:\/\/kaminscy.pl\/images\/Rodzina1St.gif\" width=\"6242\" height=\"566\" border=\"0\" \/><\/a><\/p>\n<p><span style=\"color: #003300; font-size: large;\"><b><i>Ga<\/i><\/b><\/span><i><b><span style=\"color: #003300; font-size: large;\">\u0142\u0105\u017a Anastazji [P262]<\/span><\/b><\/i><\/p>\n<p><img decoding=\"async\" loading=\"lazy\" src=\"http:\/\/kaminscy.pl\/images\/Rodzina1An.gif\" width=\"383\" height=\"188\" border=\"0\" \/><\/p>\n","protected":false},"excerpt":{"rendered":"<p>Drzewo ju\u017c si\u0119 bardzo rozrasta i dla wi\u0119kszej czytelno\u015bci postanowi\u0142em porozdziela\u0107 poszczeg\u00f3lne ga\u0142\u0119zi. Ga\u0142\u0105\u017a Bronis\u0142awy [P386] Ga\u0142\u0105\u017a Stanis\u0142awa [P261] Ga\u0142\u0105\u017a Anastazji [P262]<\/p>\n","protected":false},"author":1,"featured_media":0,"parent":27,"menu_order":11,"comment_status":"closed","ping_status":"closed","template":"","meta":[],"_links":{"self":[{"href":"https:\/\/kaminscy.pl\/index.php\/wp-json\/wp\/v2\/pages\/52"}],"collection":[{"href":"https:\/\/kaminscy.pl\/index.php\/wp-json\/wp\/v2\/pages"}],"about":[{"href":"https:\/\/kaminscy.pl\/index.php\/wp-json\/wp\/v2\/types\/page"}],"author":[{"embeddable":true,"href":"https:\/\/kaminscy.pl\/index.php\/wp-json\/wp\/v2\/users\/1"}],"replies":[{"embeddable":true,"href":"https:\/\/kaminscy.pl\/index.php\/wp-json\/wp\/v2\/comments?post=52"}],"version-history":[{"count":15,"href":"https:\/\/kaminscy.pl\/index.php\/wp-json\/wp\/v2\/pages\/52\/revisions"}],"predecessor-version":[{"id":513,"href":"https:\/\/kaminscy.pl\/index.php\/wp-json\/wp\/v2\/pages\/52\/revisions\/513"}],"up":[{"embeddable":true,"href":"https:\/\/kaminscy.pl\/index.php\/wp-json\/wp\/v2\/pages\/27"}],"wp:attachment":[{"href":"https:\/\/kaminscy.pl\/index.php\/wp-json\/wp\/v2\/media?parent=52"}],"curies":[{"name":"wp","href":"https:\/\/api.w.org\/{rel}","templated":true}]}}