{"id":92,"date":"2017-02-20T16:17:10","date_gmt":"2017-02-20T15:17:10","guid":{"rendered":"http:\/\/heraldyka.kaminscy.pl\/?page_id=92"},"modified":"2017-04-02T16:08:23","modified_gmt":"2017-04-02T14:08:23","slug":"heraldyka","status":"publish","type":"page","link":"https:\/\/kaminscy.pl\/index.php\/heraldyka\/","title":{"rendered":"Heraldyka"},"content":{"rendered":"<p><img decoding=\"async\" loading=\"lazy\" class=\"alignnone size-full wp-image-205\" src=\"http:\/\/genealogia.kaminscy.pl\/wp-content\/uploads\/2017\/02\/napHER1.jpg\" alt=\"\" width=\"138\" height=\"35\" \/><\/p>\n<p><strong><span style=\"color: #993300;\">Heraldyka<\/span><\/strong> \u2013 jedna z nauk pomocniczych historii, zajmuje si\u0119 badaniem rozwoju i znaczenia oraz zasadami kszta\u0142towania si\u0119 herb\u00f3w. Wywodzi si\u0119 od s\u0142owa herold \u2013 oznaczaj\u0105cego urz\u0119dnika dworskiego, wywo\u0142uj\u0105cego nazwiska rycerzy bior\u0105cych udzia\u0142 w turniejach. W innych j\u0119zykach europejskich nazywana jest podobnie (ang. heraldry, franc. heraldique, niem. Heraldik) lub s\u0142owami pochodz\u0105cymi od nazwy herb (niem. Wappenkunde).<\/p>\n<p>(za wikipedia.org)<\/p>\n","protected":false},"excerpt":{"rendered":"<p>Heraldyka \u2013 jedna z nauk pomocniczych historii, zajmuje si\u0119 badaniem rozwoju i znaczenia oraz zasadami kszta\u0142towania si\u0119 herb\u00f3w. Wywodzi si\u0119 od s\u0142owa herold \u2013 oznaczaj\u0105cego urz\u0119dnika dworskiego, wywo\u0142uj\u0105cego nazwiska rycerzy bior\u0105cych udzia\u0142 w turniejach. W innych j\u0119zykach europejskich nazywana jest podobnie (ang. heraldry, franc. heraldique, niem. Heraldik) lub s\u0142owami pochodz\u0105cymi od nazwy herb (niem. Wappenkunde). &hellip; <a href=\"https:\/\/kaminscy.pl\/index.php\/heraldyka\/\" class=\"more-link\">Czytaj dalej<span class=\"screen-reader-text\"> Heraldyka<\/span><\/a><\/p>\n","protected":false},"author":1,"featured_media":0,"parent":0,"menu_order":7,"comment_status":"closed","ping_status":"closed","template":"","meta":[],"_links":{"self":[{"href":"https:\/\/kaminscy.pl\/index.php\/wp-json\/wp\/v2\/pages\/92"}],"collection":[{"href":"https:\/\/kaminscy.pl\/index.php\/wp-json\/wp\/v2\/pages"}],"about":[{"href":"https:\/\/kaminscy.pl\/index.php\/wp-json\/wp\/v2\/types\/page"}],"author":[{"embeddable":true,"href":"https:\/\/kaminscy.pl\/index.php\/wp-json\/wp\/v2\/users\/1"}],"replies":[{"embeddable":true,"href":"https:\/\/kaminscy.pl\/index.php\/wp-json\/wp\/v2\/comments?post=92"}],"version-history":[{"count":4,"href":"https:\/\/kaminscy.pl\/index.php\/wp-json\/wp\/v2\/pages\/92\/revisions"}],"predecessor-version":[{"id":422,"href":"https:\/\/kaminscy.pl\/index.php\/wp-json\/wp\/v2\/pages\/92\/revisions\/422"}],"wp:attachment":[{"href":"https:\/\/kaminscy.pl\/index.php\/wp-json\/wp\/v2\/media?parent=92"}],"curies":[{"name":"wp","href":"https:\/\/api.w.org\/{rel}","templated":true}]}}